) be the first derivative of p**5/2 - p**4/12 - 4*p - 2. Let o(u) be the first derivative of j(u). Calculate o(1).
9
Suppose 0 = -o + 4*b + 19, -6*o = -2*o + 4*b - 16. Let k(y) = -5 - y**3 - 7*y**2 - 3*y**2 + 4*y + o*y**2. Give k(-4).
-5
Let k(v) = v**2 - v. Let s(z) be the first derivative of -z**3 - 5/2*z**2 - z - 3. Let l(o) = 2*k(o) + s(o). Give l(-6).
5
Suppose 2*p = -3*b + 6*p - 7, 2*b + 5*p = 26. Let u(c) = 2*c**2 + 4*c + 3. Let v be u(-2). Let j(a) = b*a**2 + 1 - a - v + a**3 + 3. Calculate j(-3).
4
Suppose 4*s + s - 5*x - 30 = 0, -x - 14 = -5*s. Suppose -4 + 0 = s*n - 3*m, -10 = -5*m. Let p(h) = -9*h**3 - h + 1 - h + 2*h**3. Calculate p(n).
-8
Let o(j) = j + 5. Let n be 5/4*24/(-6). Calculate o(n).
0
Let h be 2*(-2)/(-8)*2. Let p be (1 + 0)*(-8 + 13). Suppose 6*d - h = p*d. Let q(k) = -2*k - 1. What is q(d)?
-3
Let u(h) = 7*h**3 + 4*h**2 - 5*h - 7. Let i(b) = 11*b**3 + 6*b**2 - 8*b - 11. Let c(r) = 5*i(r) - 8*u(r). What is c(2)?
-15
Let i(g) = 3*g. Let f(y) = -y**3 - 5*y**2 - 3*y + 2. Let d be f(-4). Determine i(d).
-6
Let v(b) = b**2 + 3*b - 4. Suppose 0 = 3*x + 2 - 5. Let f be x/(1/10*-2). Give v(f).
6
Let t(p) = -2*p**2 + 7*p - 5. Let k(v) = 3*v**2 - 13*v + 10. Let n(h) = -3*k(h) - 5*t(h). Determine n(-4).
-5
Suppose -4*z + 18 = y + 6, 4*z - 20 = y. Let i be (15/6)/((-2)/y). Let x(l) be the first derivative of l**3/3 - 7*l**2/2 + 2*l + 1. Determine x(i).
-8
Let n(x) = -10*x - 1. Let p be 25/3 - 2/6. Let g(z) = 1 - 3*z + p*z - 3*z. Let v be g(-1). Give n(v).
9
Let x(j) = -j**2 - 6*j - 7. Suppose -f + 2*s = 6, 7 = -2*f - s - 0*s. Let d be x(f). Let q(o) be the second derivative of -o**3 + o**2/2 + o. Determine q(d).
-5
Let q(z) be the first derivative of 4*z - 1/3*z**3 + 2*z**2 + 1. Give q(4).
4
Let h(t) = 2*t - 13. Let g(l) = l - 1. Let y(q) = -5*g(q) + h(q). Calculate y(-7).
13
Let w(n) = -7*n**2 - 1. Suppose 0 = -4*v + 2*v + 3*s + 14, s = -v - 3. What is w(v)?
-8
Let q(c) = c**3 + 3*c**2 + c - 2. Suppose 5*n - 3*m - 17 = 2, 5*n + 2*m = 29. Suppose 0 = 2*u + 4*g - 7 - n, u + 6 = g. Determine q(u).
0
Let u(s) = -s**3 - 4*s**2 + 2*s - 4. Let n(z) = z**3 + 7*z**2 + 8*z + 7. Let x be n(-6). What is u(x)?
11
Let y(o) = 4*o + 23. Let x(n) = -3 - 5 - 4 - 2*n. Let k(g) = 5*x(g) + 3*y(g). Determine k(-7).
-5
Suppose -f + g + 1 = 0, 4*f + 0*g = -3*g - 3. Suppose -24 = -7*s + 3*s. Let r(a) = 8 + a - s - 4. What is r(f)?
-2
Let l(z) = -z + 7. Suppose -81 = -4*g + g. Let r be -3*-3*6/g. Suppose -r*b - b = 0. Give l(b).
7
Let b be -2 + 3 - (0 - 3). Suppose 20 = b*g + g. Let x(k) = k**3 - 3*k**2 - 3*k - 2. Calculate x(g).
2
Let z(s) = s**3 + 2*s**2 + 4*s - 2. Let w(i) = -i**2 - 1. Let c(u) = 2*w(u) - z(u). Calculate c(-3).
3
Let f(v) = v**2 - 4*v - 26. Let z be f(-4). Let i(w) = 4*w - 4. Determine i(z).
20
Let x be 3/(((-12)/(-3))/(-4)). Let l(h) = h**2 + 2*h - 2. Give l(x).
1
Let t(h) = h**2 + 6*h + 3. Let z be 2/(-3) + 68/12. Let v = 2 - z. What is t(v)?
-6
Let x(a) = a**2 - a + 4. Let s be ((-9)/(-15))/((-2)/(-10)). Let p = 5 - s. Let h be p/9 - (-2)/(-9). What is x(h)?
4
Let c(r) = r - 1. Suppose -o - 9 = -11. Determine c(o).
1
Let l(k) = -k + 1. Let x(j) = 2*j - 2. Let b(a) = 5*l(a) + 2*x(a). Determine b(6).
-5
Let v(z) = -5*z**2 - z. Let r(s) = -s**3 - 6*s**2 - s - 5. Let n be r(-6). What is v(n)?
-6
Let p(g) = g**2 + 6*g + 7. Suppose 2*a + 0*a + 8 = -3*q, 0 = q + 4*a - 14. Let o be (-21)/14*8/q. Suppose o*v = 3*v + 5. Calculate p(v).
2
Let p(j) = -j**3 - 2. Let g(x) be the first derivative of x**3/6 + 2*x**2 + 3*x - 2. Let k(o) be the first derivative of g(o). Let f be k(-6). What is p(f)?
6
Let t(h) be the third derivative of -h**5/60 - h**4/24 + h**3/6 + h**2. Let p(v) = v - 4. Let x = -7 - -11. Let l be p(x). Determine t(l).
1
Let t be (-18)/(-81) + (-129)/(-27). Let a(s) = -s**2 + 6*s - 2. Determine a(t).
3
Let v be 1/(-1) - (-5 - -7). Let i(u) = 2*u**2 + 4*u - 1. Let r be i(v). Let a(p) = -p**2 + 7*p. Determine a(r).
10
Let y = -3 + 4. Let o(r) be the first derivative of -r**4/4 - r**2/2 + 3. Let v(g) be the second derivative of o(g). Calculate v(y).
-6
Let t(m) = -3*m**2 - 14*m - 3. Let x(b) be the first derivative of b**3/3 + 5*b**2/2 + b - 1. Let k(c) = -4*t(c) - 11*x(c). Determine k(-1).
1
Suppose -3*a + 5*g = -25, 2*a - 3*g = 18 - 3. Let u(h) = h - 4. Give u(a).
-4
Let r(b) = -b**2 - 2*b. Let d be r(-2). Let z be d*(-2)/(-6) - 2. Let c(l) = 2*l**2 + 5*l - l - 2*l + 2. Give c(z).
6
Let a(l) be the third derivative of l**4/24 + 5*l**3/6 - 3*l**2. Let y be a(-5). Let w(h) = -h + 7. What is w(y)?
7
Let p(f) = f + 1. Suppose -49*t = -47*t - 6. Give p(t).
4
Let u = 93 - 90. Let m(d) = 7*d**3 + 2*d**2 - 3*d - 3. Let w(h) = h**3 + h**2 - h. Let f(l) = -m(l) + 6*w(l). Determine f(u).
3
Let n(w) be the third derivative of w**4/24 + w**3/6 + 31*w**2. Determine n(-5).
-4
Let h(z) = 3*z + 2. Let y = -11 - -9. Calculate h(y).
-4
Let u(y) = -2*y**2 + 5 + y - 3 + 64*y**3 - 65*y**3. Let a(l) = -2*l + 2. Let b be a(2). Calculate u(b).
0
Suppose l + 11 = -l - n, 2 = -4*l + 2*n. Let o(j) = 3 + 29*j + 7*j**3 - 2*j**2 - 25*j + 0*j**2. Let k(g) = g**3 - g**2. Let h(s) = 6*k(s) - o(s). What is h(l)?
0
Let p(w) = -4*w - 1. Let z(x) = -9*x - 3. Let a(m) = -15*p(m) + 6*z(m). Give a(2).
9
Let x(r) = r**3 + r**2 + 13. Let g(n) = -2*n**3 - 2*n**2 - 27. Let d(j) = -3*g(j) - 7*x(j). Calculate d(0).
-10
Let q(a) = -2*a + 2. Let g(f) = -2*f**2 + 15*f - 16. Let v be g(6). Determine q(v).
-2
Let c be 14/4 - 1/2. Let g = c + -8. Let s(v) = v. Give s(g).
-5
Let v(f) = -2*f - 2. Suppose 1 = -3*p - 2*b, -3*p - 25 = -b - 3*b. Calculate v(p).
4
Let o(s) = -16*s - 1. Let h be 22/(-44) - 1/2. Determine o(h).
15
Let j(f) = 7*f**3 - f**2 - 6*f. Let a(n) = 11*n**3 - n**2 - 9*n. Let v(s) = -5*a(s) + 8*j(s). Let g be (-6)/8 - 45/36. Determine v(g).
-14
Let h(s) = -s**3 + 8*s**2 + 8*s + 2. Suppose 49 = 2*n + 3*n - 4*j, 3*n = -3*j + 24. Calculate h(n).
-7
Let l = -6 - -1. Let m(s) = -s**3 - 4*s**2 + 6*s - 4. Determine m(l).
-9
Let f be (3 - (12 + -2))*-1. Suppose -2 = -c - f. Let k(m) = -m**2 - 4*m + 5. Give k(c).
0
Suppose -5*i - 7 = 2*u, 11 = 4*u - i - 8. Suppose 0 = -0*s + 2*s - u. Let n(z) = -3*z**s - z - z - z + 2*z**3 - z**3. Calculate n(4).
4
Let k(z) be the second derivative of z**4/12 - z**2/2 + 3*z. Let n = 5 + -3. What is k(n)?
3
Let z(j) = -j**2 + 6*j + 4. Let s be 7*(80/28 - 2). Determine z(s).
4
Let q(g) be the first derivative of -3 - g + 5/2*g**2 - 1/3*g**3. Suppose -3*a - 2*a + 25 = 0. Calculate q(a).
-1
Let v(m) = -m**2 - 3*m + 2*m + 3 + 0*m. Let n(p) = p**3 - 6*p**2 + 8*p - 3. Let h be n(5). Suppose 5*b = b - h. What is v(b)?
-3
Let n(k) = -k**2 + 7*k - 2. Let c(b) = -b**2 + b + 17. Let r be c(4). Determine n(r).
8
Let j(r) = r. Let i be j(-1). Let v = i - -3. Let z(c) = -6*c - 3*c + 3*c - 7 - c**v. Determine z(-5).
-2
Let z be (0/1)/(-2 - -3) - -2. Let t(w) = -2*w + 3. Give t(z).
-1
Let b(w) = -w**2 + 0 + 2*w**2 + 1 + w. Let r(t) = t**3 - 5*t**2 - 7*t - 5. Let u(m) = 5*b(m) + r(m). Let d be 1/(-2) + (-10)/(-4). Calculate u(d).
4
Let z(b) = -13 + 6*b + 4 - 4*b**2 + 3*b**2 + 5. Suppose -22 = -3*x - 4. Calculate z(x).
-4
Let k(u) be the second derivative of -7*u**4/12 - u**2/2 + 2*u. Let o(n) = -n**2 - 1. Let q be o(0). Give k(q).
-8
Let c(h) be the first derivative of 7*h**3/3 - h**2 - 14*h - 4. Let o(j) = -j**2 + j + 1. Let s(r) = -c(r) - 6*o(r). Determine s(-6).
-4
Let q(t) = -2*t**2 + 3*t. Suppose 2 + 2 = r. Suppose -16 = -0*j + r*j. Let p = j - -7. Calculate q(p).
-9
Let q(w) = -w**2 + 2*w + 1. Let d be (-1)/(0 + 3/9). Let o = d + 5. Determine q(o).
1
Let g(p) = 7*p**2 - 2*p - 1. Suppose 0 = -t - 5*v + 24, 3*t + 2*v = 2*t + 9. Give g(t).
8
Let a(h) = -h**3 + 7*h**2 + 8*h. Let f be a(8). Let m(b) be the third derivative of -b**4/24 - b**3 + b**2. Determine m(f).
-6
Suppose 2*g - 8 = 4*g - o, -2*g - 8 = 3*o. Let s be 5/(1/2*2). Let v(t) = -2*t**3 + 5*t**3 - 2*t**3 + 4*t**2 - 2*t - s. Determine v(g).
3
Let i(g) be the third derivative of g**5/60 + g**4/12 - g**3/3 - g**2. Determine i(-4).
6
Let l be (-105)/(-33) - (-4)/(-22). Suppose l*b = 8*b. Let n(s) = s + 3*s**3 - 3*s**3 + s**2 + 4 - s**3. Calculate n(b).
4
Suppose -5*l - 60 = -20*l. Let x(r) be the third derivative of 0 - 1/12*r**l + r**2 + 0*r + 5/6*r**3. What is x(4)?
-3
Let w(a) be the third deriva